{"id":725,"date":"2014-03-05T21:52:05","date_gmt":"2014-03-06T00:52:05","guid":{"rendered":"http:\/\/adfformosa.com.ar\/?page_id=725"},"modified":"2014-07-10T23:59:08","modified_gmt":"2014-07-11T02:59:08","slug":"laguna-blanca","status":"publish","type":"page","link":"https:\/\/adfformosa.com.ar\/?page_id=725","title":{"rendered":"Laguna Blanca"},"content":{"rendered":"<div id=\"s-share-buttons\" class=\"horizontal-w-c-r-border s-share-w-c\"><a href=\"http:\/\/www.facebook.com\/sharer.php?u=https:\/\/adfformosa.com.ar\/?page_id=725\" target=\"_blank\" title=\"Share to Facebook\" class=\"s3-facebook hint--top\"><\/a><a href=\"http:\/\/twitter.com\/intent\/tweet?text=Laguna Blanca&url=https:\/\/adfformosa.com.ar\/?page_id=725\" target=\"_blank\"  title=\"Share to Twitter\" class=\"s3-twitter hint--top\"><\/a><a href=\"https:\/\/plus.google.com\/share?url=https:\/\/adfformosa.com.ar\/?page_id=725\" target=\"_blank\"  title=\"Share to Google Plus\" class=\"s3-google-plus hint--top\"><\/a><a href=\"http:\/\/www.digg.com\/submit?url=https:\/\/adfformosa.com.ar\/?page_id=725\" target=\"_blank\"  title=\"Share to Digg\" class=\"s3-digg hint--top\"><\/a><a href=\"http:\/\/www.tumblr.com\/share\/link?url=https%3A%2F%2Fadfformosa.com.ar%2F%3Fpage_id%3D725&name=Laguna+Blanca\" target=\"_blank\" title=\"Share to Tumblr\" class=\"s3-tumblr hint--top\"><\/a><a href=\"mailto:?Subject=Laguna%20Blanca&Body=Here%20is%20the%20link%20to%20the%20article:%20https:\/\/adfformosa.com.ar\/?page_id=725\" title=\"Email this article\" class=\"s3-email hint--top\"><\/a><\/div><p style=\"text-align: center;\"><strong>Rese\u00f1a \u00a0Hist\u00f3rica de la Filial A.D.F. <\/strong><\/p>\n<p style=\"text-align: center;\"><strong>Laguna Blanca<\/strong><\/p>\n<div class=\"entry entry-content\">\n<p style=\"text-align: justify;\">El 18 de septiembre del a\u00f1o 1992, se re\u00fanen en el domicilio del se\u00f1or Genaro Villalba, cito en calle Sarmiento y Echaniz, lugar en donde funcionar\u00eda por primera vez la Filial de A.D.F Laguna Blanca, los delegados de diferentes Escuelas Primarias, Secundarias y del Instituto Superior de Formaci\u00f3n Docente, pudiendo nombrarse a: Carlos Mar\u00eca Blanc, Luisa Gastal de Blanc, Virginia Ch\u00e1vez, Mar\u00eda In\u00e9s Villalba, Juan Ruczynski, Lucio Genes, Nicol\u00e1s Rodr\u00edguez, Mar\u00eda Rosa S\u00e1nchez, Gloria Roa, Andresa Benitez, Carlos L\u00f3pez, Henry Rosales , Lucrecia Santiago de Fleitas, Mar\u00eda Acastello de Sosa, Liliana Daponte de Giraudo, Irma Mieres, Cristina Solis, Walter Arevalo, Norma Pucheta. Ese d\u00eda se elije el Coordinador de Nivel Primario al se\u00f1or :\u00a0<strong>OSCAR NICOLAS RODRIGUEZ<\/strong>, y por el Nivel Secundario a la Profesora :\u00a0<strong>MARIA DE LOS ANGELES ACASTELLO DE SOSA.<\/strong><\/p>\n<p style=\"text-align: justify;\">El 23 de marzo del a\u00f1o 1993, renuncia por razones de salud la profesora Mar\u00eda Acastello, y por votaci\u00f3n queda a cargo de la coordinaci\u00f3n por nivel Medio y Superior el profesor: ALFREDO IGLESIAS.<\/p>\n<p style=\"text-align: justify;\">El 03 de marzo del a\u00f1o 1995 renuncia el coordinador de Nivel Primario, y es elegido por unanimidad entre todos los delegados presentes el Docente\u00a0<strong>WALTER ENRIQUE AREVALO<\/strong>, quien contin\u00faa hasta la fecha como Coordinador y actualmente es Miembro de la Mesa Directiva de la Agremiaci\u00f3n.<\/p>\n<p style=\"text-align: justify;\">A partir del a\u00f1o 1997, la Filial contin\u00faa funcionando el uno de los salones de la Escuela de Frontera N\u00ba6 \u201cJos\u00e9 Hern\u00e1ndez\u201d, ubicado sobre Calle Alem, hasta el a\u00f1o 2002.<\/p>\n<p style=\"text-align: justify;\">La Filial funciona actualmente en el B\u00ba 50 viviendas sobre Calle Miguel Insfr\u00e0n del B\u00ba Juan D. Per\u00f2n,<\/p>\n<p style=\"text-align: justify;\">Con \u00e9sta conducci\u00f3n la filial sigui\u00f3 teniendo amplia participaci\u00f3n en Reuniones de coordinadores, Asambleas, reuniones locales y en Instituciones escolares.<\/p>\n<p style=\"text-align: justify;\">Se particip\u00f3 con los Delegados escolares en diferentes Marchas y movilizaciones, Congresos, cursos de Capacitaci\u00f2n, se pueden mencionar delegados como: Juan Mendez, Malvis Ramirez, Mirta C\u00e0ceres, Sunilda Benitez, Mirna Leguizam\u00f2n, Carmen Nu\u00f1ez, Marta Santill\u00e0n, Oscar Fern\u00e0ndez, Nidia Figueredo, Lorenza Sosa, Evantolina Sosa, Mar\u00eca Bobadilla, Sergio Lemos, Rodolfo Perez, Alberto Ojeda, Celso Paredes, Norma Pucheta, Norma Rojas, Carlos Gonz\u00e1les, Miguel Nu\u00f1ez, Yony Cant\u00f2n, Luis Blasich, Esteban Martinez, Gregorio Gonz\u00e1lez, Mirta Roig, Silvia Noguera, Claudio Bord\u00f2n, Amancia Mor\u00e1n, Lorenza Sosa, entre otros.<\/p>\n<p style=\"text-align: justify;\">A partir del 2 de abril del a\u00f1o 1997, comienza a llevarse adelante otra lucha hist\u00f3rica de los docentes en la Rep\u00fablica Argentina\u2026LA CARPA BLANCA, tambi\u00e9n llamada CARPA DE LA DIGNIDAD DOCENTE; instalada frente al Congreso de la Naci\u00f3n y que recibi\u00f3 la visita y la solidaridad constante del pueblo argentino y del extranjero, artistas, deportistas, intelectuales, etc. cuyo objetivo era la de hacer conocer la problem\u00e1tica de la Educaci\u00f3n se cumpli\u00f3 ampliamente. No debemos olvidar que, gracias a esta lucha, la Carpa Blanca, que dur\u00f3 1033 d\u00edas; conseguimos el FONID (Fondo Nacional de Incentivo Docente) que hoy gracias a la lucha en CTERA y sus Miembros Paritarios (4) y uno de ellos es nuestro Secretario General el Prof. Lu\u00eds Branchi, se llama GARANT\u00cdA 2011.Es necesario destacar que la lucha fue de TODOS en lo que signific\u00f3 la Carpa, ya que detr\u00e1s de los casi 30 Ayunantes y Ayudantes en los diferentes turnos que le toc\u00f3 cubrir a la A.D.F. estaban todos y cada uno de los Compa\u00f1eros que desde sus respectivos lugares de trabajo hac\u00edan como se dice el aguante siendo principalmente como Afiliados, y afiliados al mejor gremio de la Pcia. ya que consideramos que mejor no es aquel que est\u00e1 casi siempre haciendo paros y saliendo a la calle y casi sin fuerzas; por eso desde esta filial decimos que somos mejores, porque \u00a1vaya que hemos logrado y conseguimos cosas Compa\u00f1eros!<\/p>\n<p style=\"text-align: justify;\">Con mucho orgullo se destaca la participaci\u00f3n del Coordinador de esta Filial como\u00a0<strong>AYUDANTE EN EL GRUPO 17 y como AYUNANTE DEL GRUPO 44.<\/strong><\/p>\n<p style=\"text-align: justify;\">Se destaca que en la Filial de A.D.F. Laguna Blanca, los colegas delegados, afiliados y Coordinadores de la Zona Norte: Clorinda, Riacho He H\u00e8, Tres Lagunas, Belgrano y El Espinillo se re\u00fanen permanentemente, compartiendo reuniones y Charlas informativas. En este sentido, tambi\u00e9n podemos agregar que en distintas oportunidades tuvimos la posibilidad de intercambiar experiencias a trav\u00e9s de encuentros en distintos momentos con Compa\u00f1eros de algunas Provincias como Buenos Aires, Entre R\u00edos, Misiones, Santa F\u00e9, Corrientes, Chaco, entre otros.<\/p>\n<p style=\"text-align: justify;\">Esta ha sido la breve referencia de nuestra Filial, deseando a todos mucha salud, trabajo y entereza. Dios nos Bendiga a todos y siga iluminando a Luis Branchi, nuestro conductor.<\/p>\n<\/div>\n","protected":false},"excerpt":{"rendered":"<p>Rese\u00f1a \u00a0Hist\u00f3rica de la Filial A.D.F. Laguna Blanca El 18 de septiembre del a\u00f1o 1992, se re\u00fanen en el domicilio del se\u00f1or Genaro Villalba, cito en calle Sarmiento y Echaniz,&#8230; <span class=\"meta-more\"><a href=\"https:\/\/adfformosa.com.ar\/?page_id=725\">Leer mas &raquo;<\/a><\/span><\/p>\n","protected":false},"author":1,"featured_media":0,"parent":0,"menu_order":0,"comment_status":"open","ping_status":"closed","template":"","meta":{"footnotes":""},"class_list":["post-725","page","type-page","status-publish","hentry","even alt"],"_links":{"self":[{"href":"https:\/\/adfformosa.com.ar\/index.php?rest_route=\/wp\/v2\/pages\/725","targetHints":{"allow":["GET"]}}],"collection":[{"href":"https:\/\/adfformosa.com.ar\/index.php?rest_route=\/wp\/v2\/pages"}],"about":[{"href":"https:\/\/adfformosa.com.ar\/index.php?rest_route=\/wp\/v2\/types\/page"}],"author":[{"embeddable":true,"href":"https:\/\/adfformosa.com.ar\/index.php?rest_route=\/wp\/v2\/users\/1"}],"replies":[{"embeddable":true,"href":"https:\/\/adfformosa.com.ar\/index.php?rest_route=%2Fwp%2Fv2%2Fcomments&post=725"}],"version-history":[{"count":4,"href":"https:\/\/adfformosa.com.ar\/index.php?rest_route=\/wp\/v2\/pages\/725\/revisions"}],"predecessor-version":[{"id":1826,"href":"https:\/\/adfformosa.com.ar\/index.php?rest_route=\/wp\/v2\/pages\/725\/revisions\/1826"}],"wp:attachment":[{"href":"https:\/\/adfformosa.com.ar\/index.php?rest_route=%2Fwp%2Fv2%2Fmedia&parent=725"}],"curies":[{"name":"wp","href":"https:\/\/api.w.org\/{rel}","templated":true}]}}

<div id="s-share-buttons" class="horizontal-w-c-r-border s-share-w-c"><a href="http://www.facebook.com/sharer.php?u=https://adfformosa.com.ar/?page_id=725" target="_blank" title="Share to Facebook" class="s3-facebook hint--top"></a><a href="http://twitter.com/intent/tweet?text=Laguna Blanca&url=https://adfformosa.com.ar/?page_id=725" target="_blank"  title="Share to Twitter" class="s3-twitter hint--top"></a><a href="https://plus.google.com/share?url=https://adfformosa.com.ar/?page_id=725" target="_blank"  title="Share to Google Plus" class="s3-google-plus hint--top"></a><a href="http://www.digg.com/submit?url=https://adfformosa.com.ar/?page_id=725" target="_blank"  title="Share to Digg" class="s3-digg hint--top"></a><a href="http://www.tumblr.com/share/link?url=https%3A%2F%2Fadfformosa.com.ar%2F%3Fpage_id%3D725&name=Laguna+Blanca" target="_blank" title="Share to Tumblr" class="s3-tumblr hint--top"></a><a href="mailto:?Subject=Laguna%20Blanca&Body=Here%20is%20the%20link%20to%20the%20article:%20https://adfformosa.com.ar/?page_id=725" title="Email this article" class="s3-email hint--top"></a></div><p style="text-align: center;"><strong>Reseña  Histórica de la Filial A.D.F. </strong></p>
<p style="text-align: center;"><strong>Laguna Blanca</strong></p>
<div class="entry entry-content">
<p style="text-align: justify;">El 18 de septiembre del año 1992, se reúnen en el domicilio del señor Genaro Villalba, cito en calle Sarmiento y Echaniz, lugar en donde funcionaría por primera vez la Filial de A.D.F Laguna Blanca, los delegados de diferentes Escuelas Primarias, Secundarias y del Instituto Superior de Formación Docente, pudiendo nombrarse a: Carlos Marìa Blanc, Luisa Gastal de Blanc, Virginia Chávez, María Inés Villalba, Juan Ruczynski, Lucio Genes, Nicolás Rodríguez, María Rosa Sánchez, Gloria Roa, Andresa Benitez, Carlos López, Henry Rosales , Lucrecia Santiago de Fleitas, María Acastello de Sosa, Liliana Daponte de Giraudo, Irma Mieres, Cristina Solis, Walter Arevalo, Norma Pucheta. Ese día se elije el Coordinador de Nivel Primario al señor : <strong>OSCAR NICOLAS RODRIGUEZ</strong>, y por el Nivel Secundario a la Profesora : <strong>MARIA DE LOS ANGELES ACASTELLO DE SOSA.</strong></p>
<p style="text-align: justify;">El 23 de marzo del año 1993, renuncia por razones de salud la profesora María Acastello, y por votación queda a cargo de la coordinación por nivel Medio y Superior el profesor: ALFREDO IGLESIAS.</p>
<p style="text-align: justify;">El 03 de marzo del año 1995 renuncia el coordinador de Nivel Primario, y es elegido por unanimidad entre todos los delegados presentes el Docente <strong>WALTER ENRIQUE AREVALO</strong>, quien continúa hasta la fecha como Coordinador y actualmente es Miembro de la Mesa Directiva de la Agremiación.</p>
<p style="text-align: justify;">A partir del año 1997, la Filial continúa funcionando el uno de los salones de la Escuela de Frontera Nº6 “José Hernández”, ubicado sobre Calle Alem, hasta el año 2002.</p>
<p style="text-align: justify;">La Filial funciona actualmente en el Bº 50 viviendas sobre Calle Miguel Insfràn del Bº Juan D. Peròn,</p>
<p style="text-align: justify;">Con ésta conducción la filial siguió teniendo amplia participación en Reuniones de coordinadores, Asambleas, reuniones locales y en Instituciones escolares.</p>
<p style="text-align: justify;">Se participó con los Delegados escolares en diferentes Marchas y movilizaciones, Congresos, cursos de Capacitaciòn, se pueden mencionar delegados como: Juan Mendez, Malvis Ramirez, Mirta Càceres, Sunilda Benitez, Mirna Leguizamòn, Carmen Nuñez, Marta Santillàn, Oscar Fernàndez, Nidia Figueredo, Lorenza Sosa, Evantolina Sosa, Marìa Bobadilla, Sergio Lemos, Rodolfo Perez, Alberto Ojeda, Celso Paredes, Norma Pucheta, Norma Rojas, Carlos Gonzáles, Miguel Nuñez, Yony Cantòn, Luis Blasich, Esteban Martinez, Gregorio González, Mirta Roig, Silvia Noguera, Claudio Bordòn, Amancia Morán, Lorenza Sosa, entre otros.</p>
<p style="text-align: justify;">A partir del 2 de abril del año 1997, comienza a llevarse adelante otra lucha histórica de los docentes en la República Argentina…LA CARPA BLANCA, también llamada CARPA DE LA DIGNIDAD DOCENTE; instalada frente al Congreso de la Nación y que recibió la visita y la solidaridad constante del pueblo argentino y del extranjero, artistas, deportistas, intelectuales, etc. cuyo objetivo era la de hacer conocer la problemática de la Educación se cumplió ampliamente. No debemos olvidar que, gracias a esta lucha, la Carpa Blanca, que duró 1033 días; conseguimos el FONID (Fondo Nacional de Incentivo Docente) que hoy gracias a la lucha en CTERA y sus Miembros Paritarios (4) y uno de ellos es nuestro Secretario General el Prof. Luís Branchi, se llama GARANTÍA 2011.Es necesario destacar que la lucha fue de TODOS en lo que significó la Carpa, ya que detrás de los casi 30 Ayunantes y Ayudantes en los diferentes turnos que le tocó cubrir a la A.D.F. estaban todos y cada uno de los Compañeros que desde sus respectivos lugares de trabajo hacían como se dice el aguante siendo principalmente como Afiliados, y afiliados al mejor gremio de la Pcia. ya que consideramos que mejor no es aquel que está casi siempre haciendo paros y saliendo a la calle y casi sin fuerzas; por eso desde esta filial decimos que somos mejores, porque ¡vaya que hemos logrado y conseguimos cosas Compañeros!</p>
<p style="text-align: justify;">Con mucho orgullo se destaca la participación del Coordinador de esta Filial como <strong>AYUDANTE EN EL GRUPO 17 y como AYUNANTE DEL GRUPO 44.</strong></p>
<p style="text-align: justify;">Se destaca que en la Filial de A.D.F. Laguna Blanca, los colegas delegados, afiliados y Coordinadores de la Zona Norte: Clorinda, Riacho He Hè, Tres Lagunas, Belgrano y El Espinillo se reúnen permanentemente, compartiendo reuniones y Charlas informativas. En este sentido, también podemos agregar que en distintas oportunidades tuvimos la posibilidad de intercambiar experiencias a través de encuentros en distintos momentos con Compañeros de algunas Provincias como Buenos Aires, Entre Ríos, Misiones, Santa Fé, Corrientes, Chaco, entre otros.</p>
<p style="text-align: justify;">Esta ha sido la breve referencia de nuestra Filial, deseando a todos mucha salud, trabajo y entereza. Dios nos Bendiga a todos y siga iluminando a Luis Branchi, nuestro conductor.</p>
</div>

<p>Reseña  Histórica de la Filial A.D.F. Laguna Blanca El 18 de septiembre del año 1992, se reúnen en el domicilio del señor Genaro Villalba, cito en calle Sarmiento y Echaniz,&#8230; <span class="meta-more"><a href="https://adfformosa.com.ar/?page_id=725">Leer mas &raquo;</a></span></p>
