{"id":5905,"date":"2024-08-15T08:41:41","date_gmt":"2024-08-15T11:41:41","guid":{"rendered":"http:\/\/adfformosa.com.ar\/?page_id=5905"},"modified":"2024-08-15T08:43:57","modified_gmt":"2024-08-15T11:43:57","slug":"la-carpa-blanca-en-formosa","status":"publish","type":"page","link":"https:\/\/adfformosa.com.ar\/?page_id=5905","title":{"rendered":"La Carpa Blanca"},"content":{"rendered":"<div id=\"s-share-buttons\" class=\"horizontal-w-c-r-border s-share-w-c\"><a href=\"http:\/\/www.facebook.com\/sharer.php?u=https:\/\/adfformosa.com.ar\/?page_id=5905\" target=\"_blank\" title=\"Share to Facebook\" class=\"s3-facebook hint--top\"><\/a><a href=\"http:\/\/twitter.com\/intent\/tweet?text=La Carpa Blanca&url=https:\/\/adfformosa.com.ar\/?page_id=5905\" target=\"_blank\"  title=\"Share to Twitter\" class=\"s3-twitter hint--top\"><\/a><a href=\"https:\/\/plus.google.com\/share?url=https:\/\/adfformosa.com.ar\/?page_id=5905\" target=\"_blank\"  title=\"Share to Google Plus\" class=\"s3-google-plus hint--top\"><\/a><a href=\"http:\/\/www.digg.com\/submit?url=https:\/\/adfformosa.com.ar\/?page_id=5905\" target=\"_blank\"  title=\"Share to Digg\" class=\"s3-digg hint--top\"><\/a><a href=\"http:\/\/www.tumblr.com\/share\/link?url=https%3A%2F%2Fadfformosa.com.ar%2F%3Fpage_id%3D5905&name=La+Carpa+Blanca\" target=\"_blank\" title=\"Share to Tumblr\" class=\"s3-tumblr hint--top\"><\/a><a href=\"mailto:?Subject=La%20Carpa%20Blanca&Body=Here%20is%20the%20link%20to%20the%20article:%20https:\/\/adfformosa.com.ar\/?page_id=5905\" title=\"Email this article\" class=\"s3-email hint--top\"><\/a><\/div>\n<figure class=\"wp-block-image size-full\"><a href=\"https:\/\/adfformosa.com.ar\/wp-content\/uploads\/2024\/08\/CARPA-BLANCA-ADF-1.jpeg\"><img loading=\"lazy\" decoding=\"async\" width=\"1024\" height=\"739\" src=\"https:\/\/adfformosa.com.ar\/wp-content\/uploads\/2024\/08\/CARPA-BLANCA-ADF-1.jpeg\" alt=\"\" class=\"wp-image-5895\" srcset=\"https:\/\/adfformosa.com.ar\/wp-content\/uploads\/2024\/08\/CARPA-BLANCA-ADF-1.jpeg 1024w, https:\/\/adfformosa.com.ar\/wp-content\/uploads\/2024\/08\/CARPA-BLANCA-ADF-1-300x217.jpeg 300w, https:\/\/adfformosa.com.ar\/wp-content\/uploads\/2024\/08\/CARPA-BLANCA-ADF-1-768x554.jpeg 768w\" sizes=\"auto, (max-width: 1024px) 100vw, 1024px\" \/><\/a><\/figure>\n\n\n\n<p>La Carpa Blanca tambi\u00e9n llamada Carpa de la dignidad, recibi\u00f3 el apoyo y la solidaridad de personalidades del mundo art\u00edstico, deportivo, intelectual, pol\u00edtico, del pueblo  argentino  y del extranjero.<\/p>\n\n\n\n<p>El objetivo de difusi\u00f3n de la problem\u00e1tica educativa se cumpli\u00f3 ampliamente. Los medios de difusi\u00f3n tuvieron un rol destacado y el pueblo acompa\u00f1\u00f3 con su multitudinaria presencia cada una de las movilizaciones y actos organizados por la CTERA .<\/p>\n\n\n\n<blockquote class=\"wp-block-quote has-text-align-center is-layout-flow wp-block-quote-is-layout-flow\">\n<p><em><strong>Nuestro sindicato tuvo un rol preponderante en la lucha docente y destacamos a los compa\u00f1eros y compa\u00f1eras que fueron ayunantes de Formosa en la CARPA DE LA DIGNIDAD.<\/strong><\/em><\/p>\n<\/blockquote>\n\n\n\n<p><strong>Delia Alegre, Secretaria Gremial de ADF<\/strong><\/p>\n\n\n\n<p><strong>Alicia Alliana, DCM Escuela N\u00ba371 Villa Dos Trece<\/strong><\/p>\n\n\n\n<p><strong>Hugo Quintana, Secretario de Jubilaciones de ADF<\/strong><\/p>\n\n\n\n<p><strong>M\u00e1ximo Santa Cruz,DCMN\u00ba386 Ram\u00f3n Lista<\/strong><\/p>\n\n\n\n<p><strong>Cirilo Candia,<\/strong> <strong>MGMEsc.N\u00ba102 Ibarreta<\/strong><\/p>\n\n\n\n<p><strong>Ricardo Schmidt,DCMEsc.N\u00ba355 Ram\u00f3n Lista<\/strong><\/p>\n\n\n\n<p><strong>Rub\u00e9n Villalba, MEF Esc.N\u00ba35 Palo Santo<\/strong><\/p>\n\n\n\n<p><strong>Nicanor Pereyra, EMETA Esc.N\u00ba21 Misi\u00f3n Laish\u00ed<\/strong><\/p>\n\n\n\n<p><strong>Virgilio B\u00e1ez, DCM Esc.N\u00ba364 Riacho He He<\/strong><\/p>\n\n\n\n<p><strong>Claudio Alvarado, MGM Esc.N\u00ba 458 Estanislao del Campo<\/strong><\/p>\n\n\n\n<p><strong>Mar\u00eda Elena Serv\u00edn, MGM Esc.N\u00ba64 Ibarreta<\/strong><\/p>\n\n\n\n<p><strong>Dora Fern\u00e1ndez, MEP Esc.399 Formosa-capital<\/strong><\/p>\n\n\n\n<p><strong>Sara Fern\u00e1ndez, MJI Esc.N\u00ba52  Villa Escolar<\/strong><\/p>\n\n\n\n<p><strong>Carlos Esp\u00ednola, Profesor Escuela Polivalente de Arte-Formosa-Capital<\/strong><\/p>\n\n\n\n<p><strong>Solano Mendoza, Filial ADF Clorinda-<\/strong><\/p>\n\n\n\n<p><strong>Mar\u00eda del Carmen Cardozo, PEF Instituto Superior de Formaci\u00f3n Docente Ibarreta.<\/strong><\/p>\n\n\n\n<p><strong>Mario Gay, MGM Esc. N\u00ba258 El Colorado<\/strong><\/p>\n\n\n\n<p><strong>Mirtha Lezcano, MGM Esc.N\u00ba17 capital<\/strong><\/p>\n\n\n\n<p><strong>Luis Osvaldo Caneva, MGM Esc.N\u00ba205 Villafa\u00f1e<\/strong><\/p>\n\n\n\n<p><strong>Mar\u00eda Esther Lovato, MGM Instituto Superior de Formaci\u00f3n Docente Villa Dos Trece<\/strong><\/p>\n\n\n\n<p><strong>Javier Chaparro, MGM Esc.N\u00ba434 Formosa-capital<\/strong><\/p>\n\n\n\n<p><strong>Leonor Ben\u00edtez, MGM Esc.65 Laguna Naick Neck<\/strong><\/p>\n\n\n\n<p><strong>Silvia Schley, MGM Esc.N\u00ba269 Espinillo<\/strong><\/p>\n\n\n\n<p><strong>Walter Ar\u00e9valo, MGM Esc.N\u00ba308 Laguna Blanca<\/strong><\/p>\n\n\n\n<p><strong>Domingo Figueroa, profesor Polivalente de Artes -Formosa-capital<\/strong><\/p>\n\n\n\n<p><\/p>\n\n\n\n<figure class=\"wp-block-image size-large\"><a href=\"https:\/\/adfformosa.com.ar\/wp-content\/uploads\/2024\/08\/CARPA-blanca-2.jpeg\"><img loading=\"lazy\" decoding=\"async\" width=\"729\" height=\"1024\" src=\"https:\/\/adfformosa.com.ar\/wp-content\/uploads\/2024\/08\/CARPA-blanca-2-729x1024.jpeg\" alt=\"\" class=\"wp-image-5896\" srcset=\"https:\/\/adfformosa.com.ar\/wp-content\/uploads\/2024\/08\/CARPA-blanca-2-729x1024.jpeg 729w, https:\/\/adfformosa.com.ar\/wp-content\/uploads\/2024\/08\/CARPA-blanca-2-214x300.jpeg 214w, https:\/\/adfformosa.com.ar\/wp-content\/uploads\/2024\/08\/CARPA-blanca-2-768x1078.jpeg 768w, https:\/\/adfformosa.com.ar\/wp-content\/uploads\/2024\/08\/CARPA-blanca-2.jpeg 997w\" sizes=\"auto, (max-width: 729px) 100vw, 729px\" \/><\/a><\/figure>\n\n\n\n<figure class=\"wp-block-image size-large\"><a href=\"https:\/\/adfformosa.com.ar\/wp-content\/uploads\/2024\/08\/carpa-blanca-3.jpeg\"><img loading=\"lazy\" decoding=\"async\" width=\"688\" height=\"1024\" src=\"https:\/\/adfformosa.com.ar\/wp-content\/uploads\/2024\/08\/carpa-blanca-3-688x1024.jpeg\" alt=\"\" class=\"wp-image-5897\" srcset=\"https:\/\/adfformosa.com.ar\/wp-content\/uploads\/2024\/08\/carpa-blanca-3-688x1024.jpeg 688w, https:\/\/adfformosa.com.ar\/wp-content\/uploads\/2024\/08\/carpa-blanca-3-201x300.jpeg 201w, https:\/\/adfformosa.com.ar\/wp-content\/uploads\/2024\/08\/carpa-blanca-3-768x1144.jpeg 768w, https:\/\/adfformosa.com.ar\/wp-content\/uploads\/2024\/08\/carpa-blanca-3.jpeg 795w\" sizes=\"auto, (max-width: 688px) 100vw, 688px\" \/><\/a><\/figure>\n\n\n\n<p><\/p>\n\n\n\n<figure class=\"wp-block-image size-large\"><a href=\"https:\/\/adfformosa.com.ar\/wp-content\/uploads\/2024\/08\/carpa-blanca-5.jpeg\"><img loading=\"lazy\" decoding=\"async\" width=\"1024\" height=\"575\" src=\"https:\/\/adfformosa.com.ar\/wp-content\/uploads\/2024\/08\/carpa-blanca-5-1024x575.jpeg\" alt=\"\" class=\"wp-image-5898\" srcset=\"https:\/\/adfformosa.com.ar\/wp-content\/uploads\/2024\/08\/carpa-blanca-5-1024x575.jpeg 1024w, https:\/\/adfformosa.com.ar\/wp-content\/uploads\/2024\/08\/carpa-blanca-5-300x168.jpeg 300w, https:\/\/adfformosa.com.ar\/wp-content\/uploads\/2024\/08\/carpa-blanca-5-768x431.jpeg 768w, https:\/\/adfformosa.com.ar\/wp-content\/uploads\/2024\/08\/carpa-blanca-5.jpeg 1080w\" sizes=\"auto, (max-width: 1024px) 100vw, 1024px\" \/><\/a><\/figure>\n\n\n\n<p><\/p>\n\n\n\n<figure class=\"wp-block-image size-full\"><a href=\"https:\/\/adfformosa.com.ar\/wp-content\/uploads\/2024\/08\/carpa-blanca-7.jpeg\"><img loading=\"lazy\" decoding=\"async\" width=\"1192\" height=\"800\" src=\"https:\/\/adfformosa.com.ar\/wp-content\/uploads\/2024\/08\/carpa-blanca-7.jpeg\" alt=\"\" class=\"wp-image-5900\" srcset=\"https:\/\/adfformosa.com.ar\/wp-content\/uploads\/2024\/08\/carpa-blanca-7.jpeg 1192w, https:\/\/adfformosa.com.ar\/wp-content\/uploads\/2024\/08\/carpa-blanca-7-300x201.jpeg 300w, https:\/\/adfformosa.com.ar\/wp-content\/uploads\/2024\/08\/carpa-blanca-7-1024x687.jpeg 1024w, https:\/\/adfformosa.com.ar\/wp-content\/uploads\/2024\/08\/carpa-blanca-7-768x515.jpeg 768w\" sizes=\"auto, (max-width: 1192px) 100vw, 1192px\" \/><\/a><\/figure>\n\n\n\n<figure class=\"wp-block-image size-large is-resized\"><a href=\"https:\/\/adfformosa.com.ar\/wp-content\/uploads\/2024\/08\/carpa-blanca-8.jpeg\"><img loading=\"lazy\" decoding=\"async\" width=\"1024\" height=\"668\" src=\"https:\/\/adfformosa.com.ar\/wp-content\/uploads\/2024\/08\/carpa-blanca-8-1024x668.jpeg\" alt=\"\" class=\"wp-image-5901\" style=\"width:840px;height:auto\" srcset=\"https:\/\/adfformosa.com.ar\/wp-content\/uploads\/2024\/08\/carpa-blanca-8-1024x668.jpeg 1024w, https:\/\/adfformosa.com.ar\/wp-content\/uploads\/2024\/08\/carpa-blanca-8-300x196.jpeg 300w, https:\/\/adfformosa.com.ar\/wp-content\/uploads\/2024\/08\/carpa-blanca-8-768x501.jpeg 768w, https:\/\/adfformosa.com.ar\/wp-content\/uploads\/2024\/08\/carpa-blanca-8.jpeg 1192w\" sizes=\"auto, (max-width: 1024px) 100vw, 1024px\" \/><\/a><\/figure>\n","protected":false},"excerpt":{"rendered":"<p>La Carpa Blanca tambi\u00e9n llamada Carpa de la dignidad, recibi\u00f3 el apoyo y la solidaridad de personalidades del mundo art\u00edstico, deportivo, intelectual, pol\u00edtico, del pueblo argentino y del extranjero. El&#8230; <span class=\"meta-more\"><a href=\"https:\/\/adfformosa.com.ar\/?page_id=5905\">Leer mas &raquo;<\/a><\/span><\/p>\n","protected":false},"author":1,"featured_media":0,"parent":0,"menu_order":0,"comment_status":"closed","ping_status":"closed","template":"","meta":{"footnotes":""},"class_list":["post-5905","page","type-page","status-publish","hentry","even alt"],"_links":{"self":[{"href":"https:\/\/adfformosa.com.ar\/index.php?rest_route=\/wp\/v2\/pages\/5905","targetHints":{"allow":["GET"]}}],"collection":[{"href":"https:\/\/adfformosa.com.ar\/index.php?rest_route=\/wp\/v2\/pages"}],"about":[{"href":"https:\/\/adfformosa.com.ar\/index.php?rest_route=\/wp\/v2\/types\/page"}],"author":[{"embeddable":true,"href":"https:\/\/adfformosa.com.ar\/index.php?rest_route=\/wp\/v2\/users\/1"}],"replies":[{"embeddable":true,"href":"https:\/\/adfformosa.com.ar\/index.php?rest_route=%2Fwp%2Fv2%2Fcomments&post=5905"}],"version-history":[{"count":2,"href":"https:\/\/adfformosa.com.ar\/index.php?rest_route=\/wp\/v2\/pages\/5905\/revisions"}],"predecessor-version":[{"id":5908,"href":"https:\/\/adfformosa.com.ar\/index.php?rest_route=\/wp\/v2\/pages\/5905\/revisions\/5908"}],"wp:attachment":[{"href":"https:\/\/adfformosa.com.ar\/index.php?rest_route=%2Fwp%2Fv2%2Fmedia&parent=5905"}],"curies":[{"name":"wp","href":"https:\/\/api.w.org\/{rel}","templated":true}]}}

<div id="s-share-buttons" class="horizontal-w-c-r-border s-share-w-c"><a href="http://www.facebook.com/sharer.php?u=https://adfformosa.com.ar/?page_id=5905" target="_blank" title="Share to Facebook" class="s3-facebook hint--top"></a><a href="http://twitter.com/intent/tweet?text=La Carpa Blanca&url=https://adfformosa.com.ar/?page_id=5905" target="_blank"  title="Share to Twitter" class="s3-twitter hint--top"></a><a href="https://plus.google.com/share?url=https://adfformosa.com.ar/?page_id=5905" target="_blank"  title="Share to Google Plus" class="s3-google-plus hint--top"></a><a href="http://www.digg.com/submit?url=https://adfformosa.com.ar/?page_id=5905" target="_blank"  title="Share to Digg" class="s3-digg hint--top"></a><a href="http://www.tumblr.com/share/link?url=https%3A%2F%2Fadfformosa.com.ar%2F%3Fpage_id%3D5905&name=La+Carpa+Blanca" target="_blank" title="Share to Tumblr" class="s3-tumblr hint--top"></a><a href="mailto:?Subject=La%20Carpa%20Blanca&Body=Here%20is%20the%20link%20to%20the%20article:%20https://adfformosa.com.ar/?page_id=5905" title="Email this article" class="s3-email hint--top"></a></div>
<figure class="wp-block-image size-full"><a href="https://adfformosa.com.ar/wp-content/uploads/2024/08/CARPA-BLANCA-ADF-1.jpeg"><img loading="lazy" decoding="async" width="1024" height="739" src="https://adfformosa.com.ar/wp-content/uploads/2024/08/CARPA-BLANCA-ADF-1.jpeg" alt="" class="wp-image-5895" srcset="https://adfformosa.com.ar/wp-content/uploads/2024/08/CARPA-BLANCA-ADF-1.jpeg 1024w, https://adfformosa.com.ar/wp-content/uploads/2024/08/CARPA-BLANCA-ADF-1-300x217.jpeg 300w, https://adfformosa.com.ar/wp-content/uploads/2024/08/CARPA-BLANCA-ADF-1-768x554.jpeg 768w" sizes="auto, (max-width: 1024px) 100vw, 1024px" /></a></figure>



<p>La Carpa Blanca también llamada Carpa de la dignidad, recibió el apoyo y la solidaridad de personalidades del mundo artístico, deportivo, intelectual, político, del pueblo  argentino  y del extranjero.</p>



<p>El objetivo de difusión de la problemática educativa se cumplió ampliamente. Los medios de difusión tuvieron un rol destacado y el pueblo acompañó con su multitudinaria presencia cada una de las movilizaciones y actos organizados por la CTERA .</p>



<blockquote class="wp-block-quote has-text-align-center is-layout-flow wp-block-quote-is-layout-flow">
<p><em><strong>Nuestro sindicato tuvo un rol preponderante en la lucha docente y destacamos a los compañeros y compañeras que fueron ayunantes de Formosa en la CARPA DE LA DIGNIDAD.</strong></em></p>
</blockquote>



<p><strong>Delia Alegre, Secretaria Gremial de ADF</strong></p>



<p><strong>Alicia Alliana, DCM Escuela Nº371 Villa Dos Trece</strong></p>



<p><strong>Hugo Quintana, Secretario de Jubilaciones de ADF</strong></p>



<p><strong>Máximo Santa Cruz,DCMNº386 Ramón Lista</strong></p>



<p><strong>Cirilo Candia,</strong> <strong>MGMEsc.Nº102 Ibarreta</strong></p>



<p><strong>Ricardo Schmidt,DCMEsc.Nº355 Ramón Lista</strong></p>



<p><strong>Rubén Villalba, MEF Esc.Nº35 Palo Santo</strong></p>



<p><strong>Nicanor Pereyra, EMETA Esc.Nº21 Misión Laishí</strong></p>



<p><strong>Virgilio Báez, DCM Esc.Nº364 Riacho He He</strong></p>



<p><strong>Claudio Alvarado, MGM Esc.Nº 458 Estanislao del Campo</strong></p>



<p><strong>María Elena Servín, MGM Esc.Nº64 Ibarreta</strong></p>



<p><strong>Dora Fernández, MEP Esc.399 Formosa-capital</strong></p>



<p><strong>Sara Fernández, MJI Esc.Nº52  Villa Escolar</strong></p>



<p><strong>Carlos Espínola, Profesor Escuela Polivalente de Arte-Formosa-Capital</strong></p>



<p><strong>Solano Mendoza, Filial ADF Clorinda-</strong></p>



<p><strong>María del Carmen Cardozo, PEF Instituto Superior de Formación Docente Ibarreta.</strong></p>



<p><strong>Mario Gay, MGM Esc. Nº258 El Colorado</strong></p>



<p><strong>Mirtha Lezcano, MGM Esc.Nº17 capital</strong></p>



<p><strong>Luis Osvaldo Caneva, MGM Esc.Nº205 Villafañe</strong></p>



<p><strong>María Esther Lovato, MGM Instituto Superior de Formación Docente Villa Dos Trece</strong></p>



<p><strong>Javier Chaparro, MGM Esc.Nº434 Formosa-capital</strong></p>



<p><strong>Leonor Benítez, MGM Esc.65 Laguna Naick Neck</strong></p>



<p><strong>Silvia Schley, MGM Esc.Nº269 Espinillo</strong></p>



<p><strong>Walter Arévalo, MGM Esc.Nº308 Laguna Blanca</strong></p>



<p><strong>Domingo Figueroa, profesor Polivalente de Artes -Formosa-capital</strong></p>



<p></p>



<figure class="wp-block-image size-large"><a href="https://adfformosa.com.ar/wp-content/uploads/2024/08/CARPA-blanca-2.jpeg"><img loading="lazy" decoding="async" width="729" height="1024" src="https://adfformosa.com.ar/wp-content/uploads/2024/08/CARPA-blanca-2-729x1024.jpeg" alt="" class="wp-image-5896" srcset="https://adfformosa.com.ar/wp-content/uploads/2024/08/CARPA-blanca-2-729x1024.jpeg 729w, https://adfformosa.com.ar/wp-content/uploads/2024/08/CARPA-blanca-2-214x300.jpeg 214w, https://adfformosa.com.ar/wp-content/uploads/2024/08/CARPA-blanca-2-768x1078.jpeg 768w, https://adfformosa.com.ar/wp-content/uploads/2024/08/CARPA-blanca-2.jpeg 997w" sizes="auto, (max-width: 729px) 100vw, 729px" /></a></figure>



<figure class="wp-block-image size-large"><a href="https://adfformosa.com.ar/wp-content/uploads/2024/08/carpa-blanca-3.jpeg"><img loading="lazy" decoding="async" width="688" height="1024" src="https://adfformosa.com.ar/wp-content/uploads/2024/08/carpa-blanca-3-688x1024.jpeg" alt="" class="wp-image-5897" srcset="https://adfformosa.com.ar/wp-content/uploads/2024/08/carpa-blanca-3-688x1024.jpeg 688w, https://adfformosa.com.ar/wp-content/uploads/2024/08/carpa-blanca-3-201x300.jpeg 201w, https://adfformosa.com.ar/wp-content/uploads/2024/08/carpa-blanca-3-768x1144.jpeg 768w, https://adfformosa.com.ar/wp-content/uploads/2024/08/carpa-blanca-3.jpeg 795w" sizes="auto, (max-width: 688px) 100vw, 688px" /></a></figure>



<p></p>



<figure class="wp-block-image size-large"><a href="https://adfformosa.com.ar/wp-content/uploads/2024/08/carpa-blanca-5.jpeg"><img loading="lazy" decoding="async" width="1024" height="575" src="https://adfformosa.com.ar/wp-content/uploads/2024/08/carpa-blanca-5-1024x575.jpeg" alt="" class="wp-image-5898" srcset="https://adfformosa.com.ar/wp-content/uploads/2024/08/carpa-blanca-5-1024x575.jpeg 1024w, https://adfformosa.com.ar/wp-content/uploads/2024/08/carpa-blanca-5-300x168.jpeg 300w, https://adfformosa.com.ar/wp-content/uploads/2024/08/carpa-blanca-5-768x431.jpeg 768w, https://adfformosa.com.ar/wp-content/uploads/2024/08/carpa-blanca-5.jpeg 1080w" sizes="auto, (max-width: 1024px) 100vw, 1024px" /></a></figure>



<p></p>



<figure class="wp-block-image size-full"><a href="https://adfformosa.com.ar/wp-content/uploads/2024/08/carpa-blanca-7.jpeg"><img loading="lazy" decoding="async" width="1192" height="800" src="https://adfformosa.com.ar/wp-content/uploads/2024/08/carpa-blanca-7.jpeg" alt="" class="wp-image-5900" srcset="https://adfformosa.com.ar/wp-content/uploads/2024/08/carpa-blanca-7.jpeg 1192w, https://adfformosa.com.ar/wp-content/uploads/2024/08/carpa-blanca-7-300x201.jpeg 300w, https://adfformosa.com.ar/wp-content/uploads/2024/08/carpa-blanca-7-1024x687.jpeg 1024w, https://adfformosa.com.ar/wp-content/uploads/2024/08/carpa-blanca-7-768x515.jpeg 768w" sizes="auto, (max-width: 1192px) 100vw, 1192px" /></a></figure>



<figure class="wp-block-image size-large is-resized"><a href="https://adfformosa.com.ar/wp-content/uploads/2024/08/carpa-blanca-8.jpeg"><img loading="lazy" decoding="async" width="1024" height="668" src="https://adfformosa.com.ar/wp-content/uploads/2024/08/carpa-blanca-8-1024x668.jpeg" alt="" class="wp-image-5901" style="width:840px;height:auto" srcset="https://adfformosa.com.ar/wp-content/uploads/2024/08/carpa-blanca-8-1024x668.jpeg 1024w, https://adfformosa.com.ar/wp-content/uploads/2024/08/carpa-blanca-8-300x196.jpeg 300w, https://adfformosa.com.ar/wp-content/uploads/2024/08/carpa-blanca-8-768x501.jpeg 768w, https://adfformosa.com.ar/wp-content/uploads/2024/08/carpa-blanca-8.jpeg 1192w" sizes="auto, (max-width: 1024px) 100vw, 1024px" /></a></figure>

<p>La Carpa Blanca también llamada Carpa de la dignidad, recibió el apoyo y la solidaridad de personalidades del mundo artístico, deportivo, intelectual, político, del pueblo argentino y del extranjero. El&#8230; <span class="meta-more"><a href="https://adfformosa.com.ar/?page_id=5905">Leer mas &raquo;</a></span></p>
