{"id":161,"date":"2013-09-30T09:55:29","date_gmt":"2013-09-30T12:55:29","guid":{"rendered":"http:\/\/adfformosa.com.ar\/?page_id=161"},"modified":"2013-12-06T20:21:37","modified_gmt":"2013-12-06T23:21:37","slug":"comision-directiva","status":"publish","type":"page","link":"https:\/\/adfformosa.com.ar\/?page_id=161","title":{"rendered":"Junta Directiva"},"content":{"rendered":"<div id=\"s-share-buttons\" class=\"horizontal-w-c-r-border s-share-w-c\"><a href=\"http:\/\/www.facebook.com\/sharer.php?u=https:\/\/adfformosa.com.ar\/?page_id=161\" target=\"_blank\" title=\"Share to Facebook\" class=\"s3-facebook hint--top\"><\/a><a href=\"http:\/\/twitter.com\/intent\/tweet?text=Junta Directiva&url=https:\/\/adfformosa.com.ar\/?page_id=161\" target=\"_blank\"  title=\"Share to Twitter\" class=\"s3-twitter hint--top\"><\/a><a href=\"https:\/\/plus.google.com\/share?url=https:\/\/adfformosa.com.ar\/?page_id=161\" target=\"_blank\"  title=\"Share to Google Plus\" class=\"s3-google-plus hint--top\"><\/a><a href=\"http:\/\/www.digg.com\/submit?url=https:\/\/adfformosa.com.ar\/?page_id=161\" target=\"_blank\"  title=\"Share to Digg\" class=\"s3-digg hint--top\"><\/a><a href=\"http:\/\/www.tumblr.com\/share\/link?url=https%3A%2F%2Fadfformosa.com.ar%2F%3Fpage_id%3D161&name=Junta+Directiva\" target=\"_blank\" title=\"Share to Tumblr\" class=\"s3-tumblr hint--top\"><\/a><a href=\"mailto:?Subject=Junta%20Directiva&Body=Here%20is%20the%20link%20to%20the%20article:%20https:\/\/adfformosa.com.ar\/?page_id=161\" title=\"Email this article\" class=\"s3-email hint--top\"><\/a><\/div><p align=\"center\"><b>Junta Directiva ADF<\/b><\/p>\n<p align=\"center\">Las autoridades de A.D.F Agremiaci\u00f3n del Docente Formose\u00f1o se eligen cada 4 a\u00f1os por voto directo de sus afiliados.<\/p>\n<p align=\"center\"><b>\u00a0<\/b><\/p>\n<p><b>Secretario General<\/b>: Luis Isaac Branchi<br \/>\n<b>Secretaria Adjunta:<\/b> Marquez, Mirta\u00a0 Amanda<\/p>\n<p>Secretario de Finanzas: Ibars, Vilma Elizabeth<br \/>\nSecretario Administrativo: P\u00e9rez, H\u00e9ctor Javier<br \/>\nSecretaria de Acci\u00f3n Social: Arias Maidana, Edith Juana<br \/>\nSecretaria de Cultura y Promoci\u00f3n: Alegre, Delia Leonor<br \/>\nSecretario del Interior: Mendoza, Solano<br \/>\nSecretario Gremial: Chavez, Rub\u00e9n<br \/>\nSecretario de Jub.y Asuntos Previs.: Schmidt, Ricardo Omar<br \/>\nSecretaria de Educ.y Estad\u00edstica: Echeverr\u00eda B\u00e1ez, Horacia<br \/>\nSec.de Rama Primaria: Fleitas, Jos\u00e9<br \/>\nSec.de Rama Primaria Suplente: Rodr\u00edguez, Humberto<br \/>\nSec.de Rama Preprimaria: Torales, Marcela<br \/>\nSec.de Rama Preprimaria Suplente: Fern\u00e1ndez, Sara<br \/>\nSec.de Rama Secundaria: Coronel, L\u00e1zaro<br \/>\nSec.de Rama Secundaria Suplente: Ben\u00edtez, Tom\u00e1s<br \/>\nSec.de Rama T\u00e9cnica: Ram\u00edrez, Ricardo<br \/>\nSec.de Rama T\u00e9cnica Suplente: D\u00edaz, Sergio<br \/>\nSec.de Rama Superior Art\u00edstica y Especial: Fontana, Dina<br \/>\nSec. De Rama Superior Art\u00edstica y Especial suplente: Ojeda, Rafael<br \/>\nSec.de Rama universitaria: Casafuz, Juan Manuel<br \/>\nSec.de Rama Universitaria suplente: Saguier, Soraya<br \/>\nSec. de Rama suplentes y Aspirantes: Ar\u00e9valo, Walter<br \/>\nSec. de Rama Suplentes y Asp.suplente: Galeano Ben\u00edtez, Laura<br \/>\nSec. de Rama Diferencial y Minoridad: Acosta, Digno<br \/>\nSec. de Rama Diferencial y Minoridad Suplente: Martinez,Ana Mar\u00eda<br \/>\nSec. de Rama privada: Rodriguez,Gladys Graciela<br \/>\nSec. de Rama privada suplente: D\u00edaz, Aurelia Alicia<br \/>\nSec. de Rama adultos: Zalazar,Mar\u00eda Luisa<br \/>\nSec.de Rama de adultos suplente: Galeano, Mercedes<b>\u00a0<\/b><\/p>\n<p align=\"center\"><b>Junta de Disciplina<\/b><\/p>\n<p>Miembro titular: Ayala, Julio Cesar<br \/>\nMiembro titular: B\u00e1ez, Virgilio<br \/>\nMiembro titular: Fern\u00e1ndez, Dora<br \/>\nMiembro suplente: D\u00edaz Ebel, Graciela<br \/>\nMiembro suplente: Schaffer, Jose<br \/>\nMiembro suplente: Ruiz, M\u00f3nica<\/p>\n<p align=\"center\"><b>Revisores de cuenta<\/b><\/p>\n<p>Miembro Titular: Garc\u00eda, F\u00e9lix<br \/>\nMiembro Titular: Wolman, Oscar<br \/>\nMiembro Titular: vegas Patricia<br \/>\nMiembro suplente: Ver\u00f3n, Rita<br \/>\nMiembro suplente: Zalazar, Cecilio<br \/>\nMiembro suplente: M\u00e9ndez, Juan \u00c1ngel<\/p>\n","protected":false},"excerpt":{"rendered":"<p>Junta Directiva ADF Las autoridades de A.D.F Agremiaci\u00f3n del Docente Formose\u00f1o se eligen cada 4 a\u00f1os por voto directo de sus afiliados. \u00a0 Secretario General: Luis Isaac Branchi Secretaria Adjunta:&#8230; <span class=\"meta-more\"><a href=\"https:\/\/adfformosa.com.ar\/?page_id=161\">Leer mas &raquo;<\/a><\/span><\/p>\n","protected":false},"author":1,"featured_media":0,"parent":0,"menu_order":0,"comment_status":"closed","ping_status":"closed","template":"","meta":{"footnotes":""},"class_list":["post-161","page","type-page","status-publish","hentry","even alt"],"_links":{"self":[{"href":"https:\/\/adfformosa.com.ar\/index.php?rest_route=\/wp\/v2\/pages\/161","targetHints":{"allow":["GET"]}}],"collection":[{"href":"https:\/\/adfformosa.com.ar\/index.php?rest_route=\/wp\/v2\/pages"}],"about":[{"href":"https:\/\/adfformosa.com.ar\/index.php?rest_route=\/wp\/v2\/types\/page"}],"author":[{"embeddable":true,"href":"https:\/\/adfformosa.com.ar\/index.php?rest_route=\/wp\/v2\/users\/1"}],"replies":[{"embeddable":true,"href":"https:\/\/adfformosa.com.ar\/index.php?rest_route=%2Fwp%2Fv2%2Fcomments&post=161"}],"version-history":[{"count":15,"href":"https:\/\/adfformosa.com.ar\/index.php?rest_route=\/wp\/v2\/pages\/161\/revisions"}],"predecessor-version":[{"id":438,"href":"https:\/\/adfformosa.com.ar\/index.php?rest_route=\/wp\/v2\/pages\/161\/revisions\/438"}],"wp:attachment":[{"href":"https:\/\/adfformosa.com.ar\/index.php?rest_route=%2Fwp%2Fv2%2Fmedia&parent=161"}],"curies":[{"name":"wp","href":"https:\/\/api.w.org\/{rel}","templated":true}]}}

<div id="s-share-buttons" class="horizontal-w-c-r-border s-share-w-c"><a href="http://www.facebook.com/sharer.php?u=https://adfformosa.com.ar/?page_id=161" target="_blank" title="Share to Facebook" class="s3-facebook hint--top"></a><a href="http://twitter.com/intent/tweet?text=Junta Directiva&url=https://adfformosa.com.ar/?page_id=161" target="_blank"  title="Share to Twitter" class="s3-twitter hint--top"></a><a href="https://plus.google.com/share?url=https://adfformosa.com.ar/?page_id=161" target="_blank"  title="Share to Google Plus" class="s3-google-plus hint--top"></a><a href="http://www.digg.com/submit?url=https://adfformosa.com.ar/?page_id=161" target="_blank"  title="Share to Digg" class="s3-digg hint--top"></a><a href="http://www.tumblr.com/share/link?url=https%3A%2F%2Fadfformosa.com.ar%2F%3Fpage_id%3D161&name=Junta+Directiva" target="_blank" title="Share to Tumblr" class="s3-tumblr hint--top"></a><a href="mailto:?Subject=Junta%20Directiva&Body=Here%20is%20the%20link%20to%20the%20article:%20https://adfformosa.com.ar/?page_id=161" title="Email this article" class="s3-email hint--top"></a></div><p align="center"><b>Junta Directiva ADF</b></p>
<p align="center">Las autoridades de A.D.F Agremiación del Docente Formoseño se eligen cada 4 años por voto directo de sus afiliados.</p>
<p align="center"><b> </b></p>
<p><b>Secretario General</b>: Luis Isaac Branchi<br />
<b>Secretaria Adjunta:</b> Marquez, Mirta  Amanda</p>
<p>Secretario de Finanzas: Ibars, Vilma Elizabeth<br />
Secretario Administrativo: Pérez, Héctor Javier<br />
Secretaria de Acción Social: Arias Maidana, Edith Juana<br />
Secretaria de Cultura y Promoción: Alegre, Delia Leonor<br />
Secretario del Interior: Mendoza, Solano<br />
Secretario Gremial: Chavez, Rubén<br />
Secretario de Jub.y Asuntos Previs.: Schmidt, Ricardo Omar<br />
Secretaria de Educ.y Estadística: Echeverría Báez, Horacia<br />
Sec.de Rama Primaria: Fleitas, José<br />
Sec.de Rama Primaria Suplente: Rodríguez, Humberto<br />
Sec.de Rama Preprimaria: Torales, Marcela<br />
Sec.de Rama Preprimaria Suplente: Fernández, Sara<br />
Sec.de Rama Secundaria: Coronel, Lázaro<br />
Sec.de Rama Secundaria Suplente: Benítez, Tomás<br />
Sec.de Rama Técnica: Ramírez, Ricardo<br />
Sec.de Rama Técnica Suplente: Díaz, Sergio<br />
Sec.de Rama Superior Artística y Especial: Fontana, Dina<br />
Sec. De Rama Superior Artística y Especial suplente: Ojeda, Rafael<br />
Sec.de Rama universitaria: Casafuz, Juan Manuel<br />
Sec.de Rama Universitaria suplente: Saguier, Soraya<br />
Sec. de Rama suplentes y Aspirantes: Arévalo, Walter<br />
Sec. de Rama Suplentes y Asp.suplente: Galeano Benítez, Laura<br />
Sec. de Rama Diferencial y Minoridad: Acosta, Digno<br />
Sec. de Rama Diferencial y Minoridad Suplente: Martinez,Ana María<br />
Sec. de Rama privada: Rodriguez,Gladys Graciela<br />
Sec. de Rama privada suplente: Díaz, Aurelia Alicia<br />
Sec. de Rama adultos: Zalazar,María Luisa<br />
Sec.de Rama de adultos suplente: Galeano, Mercedes<b> </b></p>
<p align="center"><b>Junta de Disciplina</b></p>
<p>Miembro titular: Ayala, Julio Cesar<br />
Miembro titular: Báez, Virgilio<br />
Miembro titular: Fernández, Dora<br />
Miembro suplente: Díaz Ebel, Graciela<br />
Miembro suplente: Schaffer, Jose<br />
Miembro suplente: Ruiz, Mónica</p>
<p align="center"><b>Revisores de cuenta</b></p>
<p>Miembro Titular: García, Félix<br />
Miembro Titular: Wolman, Oscar<br />
Miembro Titular: vegas Patricia<br />
Miembro suplente: Verón, Rita<br />
Miembro suplente: Zalazar, Cecilio<br />
Miembro suplente: Méndez, Juan Ángel</p>

<p>Junta Directiva ADF Las autoridades de A.D.F Agremiación del Docente Formoseño se eligen cada 4 años por voto directo de sus afiliados.   Secretario General: Luis Isaac Branchi Secretaria Adjunta:&#8230; <span class="meta-more"><a href="https://adfformosa.com.ar/?page_id=161">Leer mas &raquo;</a></span></p>
